ds digit of 12198?
1
What is the thousands digit of 1414?
1
What is the tens digit of 1824?
2
What is the hundreds digit of 8166?
1
What is the hundreds digit of 29107?
1
What is the hundreds digit of 4070?
0
What is the tens digit of 10142?
4
What is the units digit of 33770?
0
What is the hundreds digit of 263?
2
What is the hundreds digit of 2448?
4
What is the ten thousands digit of 75641?
7
What is the tens digit of 3021?
2
What is the units digit of 462?
2
What is the thousands digit of 1413?
1
What is the units digit of 80?
0
What is the units digit of 4729?
9
What is the tens digit of 37641?
4
What is the thousands digit of 1411?
1
What is the thousands digit of 2183?
2
What is the thousands digit of 2778?
2
What is the thousands digit of 3251?
3
What is the hundreds digit of 12864?
8
What is the units digit of 143?
3
What is the units digit of 2937?
7
What is the hundreds digit of 477?
4
What is the hundreds digit of 582?
5
What is the units digit of 1856?
6
What is the units digit of 514?
4
What is the hundreds digit of 438?
4
What is the hundred thousands digit of 151197?
1
What is the tens digit of 78731?
3
What is the hundreds digit of 9110?
1
What is the units digit of 41402?
2
What is the hundreds digit of 3032?
0
What is the units digit of 1005?
5
What is the tens digit of 116964?
6
What is the units digit of 135?
5
What is the tens digit of 197?
9
What is the ten thousands digit of 19745?
1
What is the thousands digit of 72962?
2
What is the hundreds digit of 1150?
1
What is the hundreds digit of 44541?
5
What is the tens digit of 8455?
5
What is the tens digit of 1863?
6
What is the hundreds digit of 717?
7
What is the units digit of 164191?
1
What is the thousands digit of 2864?
2
What is the units digit of 5331?
1
What is the thousands digit of 20870?
0
What is the thousands digit of 2541?
2
What is the tens digit of 48950?
5
What is the units digit of 628?
8
What is the tens digit of 1743?
4
What is the ten thousands digit of 140763?
4
What is the thousands digit of 11990?
1
What is the ten thousands digit of 17519?
1
What is the hundreds digit of 6725?
7
What is the units digit of 86651?
1
What is the units digit of 67768?
8
What is the hundreds digit of 62458?
4
What is the tens digit of 42?
4
What is the hundreds digit of 17812?
8
What is the thousands digit of 8178?
8
What is the units digit of 53424?
4
What is the ten thousands digit of 19855?
1
What is the units digit of 942?
2
What is the hundreds digit of 8953?
9
What is the tens digit of 85021?
2
What is the thousands digit of 5098?
5
What is the ten thousands digit of 35057?
3
What is the thousands digit of 53699?
3
What is the hundreds digit of 6542?
5
What is the tens digit of 209?
0
What is the ten thousands digit of 50825?
5
What is the tens digit of 1982?
8
What is the ten thousands digit of 12336?
1
What is the tens digit of 637?
3
What is the hundreds digit of 250?
2
What is the tens digit of 816?
1
What is the units digit of 947?
7
What is the thousands digit of 1278?
1
What is the tens digit of 516?
1
What is the thousands digit of 2798?
2
What is the hundreds digit of 49410?
4
What is the tens digit of 202?
0
What is the thousands digit of 4709?
4
What is the thousands digit of 26776?
6
What is the hundreds digit of 7620?
6
What is the thousands digit of 17196?
7
What is the ten thousands digit of 48261?
4
What is the hundreds digit of 409?
4
What is the hundreds digit of 153009?
0
What is the tens digit of 24112?
1
What is the ten thousands digit of 66336?
6
What is the tens digit of 714?
1
What is the units digit of 61009?
9
What is the tens digit of 1345?
4
What is the tens digit of 6960?
6
What is the units digit of 7505?
5
What is the thousands digit of 5258?
5
What is the tens digit of 364?
6
What is the tens digit of 3201?
0
What is the thousands digit of 2010?
2
What is the tens digit of 17909?
0
What is the units digit of 117501?
1
What is the units digit of 1202?
2
What is the units digit of 44151?
1
What is the ten thousands digit of 23686?
2
What is the thousands digit of 4603?
4
What is the hundreds digit of 1427?
4
What is the hundreds digit of 1798?
7
What is the thousands digit of 16807?
6
What is the tens digit of 4059?
5
What is the hundreds digit of 4251?
2
What is the ten thousands digit of 33997?
3
What is the hundreds digit of 14154?
1
What is the tens digit of 9121?
2
What is the tens digit of 9517?
1
What is the tens digit of 11852?
5
What is the tens digit of 805?
0
What is the units digit of 16599?
9
What is the hundreds digit of 627?
6
What is the hundreds digit of 2749?
7
What is the units digit of 2367?
7
What is the hundreds digit of 14694?
6
What is the hundreds digit of 2871?
8
What is the thousands digit of 6782?
6
What is the units digit of 603?
3
What is the thousands digit of 2420?
2
What is the units digit of 1198?
8
What is the ten thousands digit of 12700?
1
What is the thousands digit of 49262?
9
What is the tens digit of 43973?
7
What is the tens digit of 11923?
2
What is the units digit of 773?
3
What is the thousands digit of 2057?
2
What is the thousands digit of 16291?
6
What is the tens digit of 27237?
3
What is the hundreds digit of 5329?
3
What is the tens digit of 47?
4
What is the hundreds digit of 617?
6
What is the tens digit of 1356?
5
What is the tens digit of 3229?
2
What is the tens digit of 48?
4
What is the hundreds digit of 13916?
9
What is the hundreds digit of 1215?
2
What is the units digit of 2410?
0
What is the hundreds digit of 113059?
0
What is the hundreds digit of 111?
1
What is the hundreds digit of 3216?
2
What is the thousands digit of 2948?
2
What is the thousands digit of 4322?
4
What is the thousands digit of 1589?
1
What is the ten thousands digit of 18656?
1
What is the tens digit of 15931?
3
What is the units digit of 3901?
1
What is the hundreds digit of 3949?
9
What is the units digit of 966?
6
What is the ten thousands digit of 25581?
2
What is the hundreds digit of 898?
8
What is the units digit of 1128?
8
What is the hundreds digit of 12961?
9
What is the units digit of 2884?
4
What is the hundreds digit of 49936?
9
What is the units digit of 6097?
7
What is the hundreds digit of 619?
6
What is the hundreds digit of 29695?
6
What is the hundreds digit of 582?
5
What is the units digit of 10183?
3
What is the units digit of 1054?
4
What is the hundreds digit of 22589?
5
What is the units digit of 3096?
6
What is the tens digit of 1052?
5
What is the hundreds digit of 5879?
8
What is the tens digit of 499?
9
What is the tens digit of 41934?
3
What is the hundreds digit of 12028?
0
What is the thousands digit of 1742?
1
What is the units digit of 1607?
7
What is the tens digit of 10739?
3
What is the tens digit of 13229?
2
What is the units digit of 790?
0
What is the thousands digit of 19473?
9
What is the hundreds digit of 882?
8
What is the tens digit of 36187?
8
What is the hundreds digit of 31430?
4
What is the units digit of 2845?
5
What is the tens digit of 511?
1
What is the hundreds digit of 942?
9
What is the tens digit of 10850?
5
What is the hundreds digit of 705?
7
What is the hundreds digit of 1473?
4
What is the tens digit of 2459?
5
What is the hundreds digit of 8173?
1
What is the units digit of 25522?
2
What is the tens digit of 3526?
2
What is the thousands digit of 6534?
6
What is the ten thousands digit of 116358?
1
What is the units digit of 70?
0
What is the tens digit of 4646?
4
What is the hundreds digit of 1365?
3
What is the units digit of 648?
8
What is the thousands digit of 18584?
8
What is the tens digit of 15602?
0
What is the units digit of 5374?
4
What is the hundreds digit of 5583?
5
What is the units digit of 137893?
3
What is the hundreds digit of 54870?
8
What is the tens digit of 8979?
7
What is the units digit of 3101?
1
What is the tens digit of 998?
9
What is the units digit of 2388?
8
What is the thousands digit of 1638?
1
What is the thousands digit of 16182?
6
What is the tens digit of 10015?
1
What is the thousands digit of 6690?
6
What is the units digit of 18155?
5
What is the tens digit of 6376?
7
What is the units digit of 128204?
4
What is the units digit of 507?
7
What is the ten thousands digit of 27097?
2
What is the 